 a + -1. List the prime factors of p.
7
Suppose -3*q + 32 = -5*u - 2, -5*u - 10 = 5*q. Suppose -q*o = -12 - 18. Suppose -2*w - 3*w = -o. List the prime factors of w.
2
Let k(f) = 2*f**3 - 2*f**2 + 2*f - 1. Suppose -2*g + 4*v = -12, -3*g + 5 = -v - 3. What are the prime factors of k(g)?
11
List the prime factors of 12/(2/(-1))*22/(-3).
2, 11
Let z(q) = -q**2 - 17*q - 15. List the prime factors of z(-6).
3, 17
Suppose -4*a + 290 = 46. What are the prime factors of a?
61
Let x be (-4)/6 + (-8)/6. Let h(r) = 2*r**2 - 1. What are the prime factors of h(x)?
7
Let a = -7 - -16. Let t = a - 5. List the prime factors of t.
2
Suppose -3*l + 381 = 3*p, -5*l + p + 635 = 3*p. What are the prime factors of l?
127
Let u = -3 - -15. What are the prime factors of u?
2, 3
Let o(z) = -z**2 + 8*z + 2. Suppose -3*t + 25 = t - s, 2*t - 2*s = 20. What are the prime factors of o(t)?
17
Let t = 2 + -4. Let f = 2 + t. Suppose f = -5*p + 104 - 44. List the prime factors of p.
2, 3
Suppose -4*v = -5*k + 130, 0 = -4*k - 5*v + 152 - 7. Let h = -18 + k. Suppose -3*j = -3*l - 2*l - h, -2*l = -4*j + 16. What are the prime factors of j?
2
Let l(s) = -6*s - 1. Let f be l(-1). Let u = f - 2. Let a = u + 9. What are the prime factors of a?
2, 3
What are the prime factors of 74*(-2 + (-10)/(-4))?
37
Let g(l) = -112*l**3 - 2*l**2 - 5*l - 3. List the prime factors of g(-1).
2, 7
Let n = 2 - -1. Suppose q + 11 = n*z, 2*z + q = -0*q + 14. Suppose 13 = 5*a - 3*f, z*a - 6 = -4*f - 0. List the prime factors of a.
2
Let b(d) = -17*d - 30. List the prime factors of b(-11).
157
Let r(l) = -15*l**3 - 2*l**2 - l. What are the prime factors of r(-2)?
2, 3, 19
List the prime factors of 2 - (-3 - (34 - -4)).
43
Suppose -v + 0*v - 12 = 0. Let r(d) = d**3 + 11*d**2 - 12*d + 8. List the prime factors of r(v).
2
Suppose -2*i - 2*i = 4*c - 196, -5*c - 187 = -4*i. Suppose a = 5*a - i. What are the prime factors of a?
2, 3
Let r(z) = -z**3 + 2. Let n be r(2). Let p be 16*(3/n + 1). Let v = p + 2. List the prime factors of v.
2, 5
Suppose 240 = 5*n + 4*l - 94, 0 = 5*l + 20. List the prime factors of n.
2, 5, 7
Let d be (3 - (-40)/(-12))*-9. Suppose -19 = -d*o + 59. List the prime factors of o.
2, 13
Let l(j) = j**2 + j. Let i be l(-1). Let t be (-46)/(-2) - i/(-1). Suppose -q - 5*b = 2*q, b + t = 4*q. What are the prime factors of q?
5
Let y be (18/(-8))/((-1)/(-4)). Suppose 3*p + 5*z = 2*z - 57, 3*z = -p - 27. List the prime factors of -5*-1*y/p.
3
Let n(j) = -5*j + 15. List the prime factors of n(-9).
2, 3, 5
Suppose w + 3*h = -0*h + 86, 3*w + 5*h = 250. Let o(s) = s**2 - 4*s - 1. Let p be o(5). Suppose -a + w = p*a. List the prime factors of a.
2
Suppose -g = -5*r - 23 + 140, -4*r - g + 90 = 0. Let l = r - 14. List the prime factors of l.
3
Suppose 0 = -r - 3*r + 444. List the prime factors of r.
3, 37
Let m(f) = -f**2 + 6*f + 4. Suppose 0 = r - 3*a - 15, 4*r + 5*a + 5 = 14. Let i be m(r). Suppose 0 = b + i*b - 15. List the prime factors of b.
3
Let q(o) = -3*o**3 - 3*o**3 + 5*o**3 - 2 - o**2. What are the prime factors of q(-3)?
2
Let t(k) = -11*k + 12. What are the prime factors of t(-9)?
3, 37
Let h(v) = 3*v**3 + 10*v**2 - 12*v - 9. Let r(a) = 7*a**3 + 21*a**2 - 24*a - 17. Let k(u) = 5*h(u) - 2*r(u). List the prime factors of k(-9).
2
Suppose -3*v - n = -19, n = -3*v - 2*n + 27. Suppose a - v - 4 = 0. What are the prime factors of a?
3
Suppose -1 = 3*s + 29. Let i be s*(3 + 19/(-5)). Let a = 11 - i. What are the prime factors of a?
3
Suppose 2*i + 3*b - 44 = 0, -i = 2*b + 3 - 27. What are the prime factors of i?
2
Suppose 4*i = -y - 3*y + 148, y + 128 = 4*i. Let q = 18 - i. Let p = q + 33. What are the prime factors of p?
2, 3
Let v be (-1 + 1)/(12/4). Suppose 3*w + 22 = 5*k, 2*k - 3*w - 2 - 5 = v. List the prime factors of k.
5
Let y = 9 - 3. Let u(z) = -z**3 + 5*z**2 + 9*z - 3. List the prime factors of u(y).
3, 5
Suppose 4*s = 5*z + 59, -2*z = 2*s - z - 19. List the prime factors of s.
11
Suppose 0 = 6*q - q - 20. Suppose y - 8 = q*g + 1, 2*y - 73 = -3*g. List the prime factors of y.
29
Let k be (5 - 2)/(2/2). Suppose 2*a - 40 = -k*a. What are the prime factors of a?
2
Let q be (-3)/12 + 9/4. Suppose y + 2*g = -q*g + 48, -4*y = -2*g - 102. List the prime factors of y.
2, 7
Let i = -9 - -17. Suppose 1 = -n, 2*l - 1 = 5*n - i*n. Suppose -a = -y + 2, l*a - 4*y = -0*a - 14. What are the prime factors of a?
3
Let z = -14 - -21. Suppose z*j = 4*j + 36. List the prime factors of j.
2, 3
Suppose 5*i = v - 44 - 94, 3*i + 3*v = -90. Let y = -18 - i. List the prime factors of y.
2, 5
Suppose -14 = 3*h - 128. List the prime factors of h.
2, 19
Suppose 8 = -2*c - 5*z, c - z - 4*z = 26. Let k(w) = w**2 - 6*w - 5. Let p be k(c). List the prime factors of p*(16/10 + -2).
2
Suppose 38 = 4*f - 5*v, 3*f - 22 = 4*v + 7. Let d(g) = f + 11 + 12 + g - 11. What are the prime factors of d(-8)?
11
Let i = 5 + 0. Suppose i*h = 3*h + 8. Suppose -3*l + 39 = 3*m, h*m + l - 31 = 2*m. What are the prime factors of m?
2, 3
Let r = -33 - -35. Let h(y) = 2*y**2 + y**3 - y + y + 2. What are the prime factors of h(r)?
2, 3
Let g = 84 - 47. Let l = g + -21. What are the prime factors of l?
2
Let n(o) be the first derivative of -2*o**2 - 6*o - 1. List the prime factors of n(-4).
2, 5
Let s = -13 - -18. Suppose -s = -q + 2. What are the prime factors of q?
7
Let d = 56 + -46. List the prime factors of d.
2, 5
Let l(n) = n - 10. Let b be l(-9). Let k = 32 + b. What are the prime factors of k?
13
Let a be (-2)/(-8) + 42/24. Suppose -2*w - 57 = -5*v, 4*v - a*w + 0 = 44. What are the prime factors of v?
13
Suppose 0 = -s - 3*s + 16. Let x be (-11)/(-22) + (-17)/2. List the prime factors of 2/s - 36/x.
5
Let y be (-52)/8 - (-1)/(-2). Let a = y + 27. List the prime factors of a.
2, 5
Let x be 33*1*(-1)/(-3). Suppose -3*i - 5*z = 2, 5*z + x = 3*i + 3. List the prime factors of (0 - -1) + 2 - i.
2
Let b(g) = 5*g**2 - g. Let y = 0 - -1. Let q be b(y). Suppose 4*c - q - 24 = 0. List the prime factors of c.
7
Suppose -2 = -a + 1. Let f be 1 - a*(-10)/(-3). Let d(o) = o**3 + 8*o**2 - 11*o - 13. What are the prime factors of d(f)?
5
Let i(x) = x**3 - 4 + 3*x**2 - 4*x**2 + 9*x - 7*x**2. What are the prime factors of i(7)?
2, 5
Suppose -6 = -5*c - 1. Let z(q) = q - 1. Let v(j) = -5*j - 2. Let f(o) = -v(o) + 2*z(o). List the prime factors of f(c).
7
Let z(u) = u**3 + 8*u**2 + 6*u. Let y = -10 + 3. Let w be z(y). Let a(x) = -x**3 + 7*x**2 + 3*x - 8. List the prime factors of a(w).
13
Suppose 0 = 5*o - 4*b - 362, 5 - 8 = b. List the prime factors of o.
2, 5, 7
Suppose -3*d = 3*d - 318. List the prime factors of d.
53
Let c = -17 - -26. List the prime factors of c.
3
Let b = -34 + 18. Suppose 2 = -i + 3. What are the prime factors of b/(-5) + i/(-5)?
3
Let d = 102 - 46. List the prime factors of d.
2, 7
Let l(h) = 9*h**2 - 2*h - 1. Let z be l(-1). Let y = z - 6. Suppose f + y = 2*f. List the prime factors of f.
2
Suppose -a = 4*j - 3, -5*j + 7 = 3*a - 2. Suppose -4*m - 1 - a = 0. Let d(u) = -11*u. What are the prime factors of d(m)?
11
List the prime factors of (33 - -15)/(4/10).
2, 3, 5
Suppose 2*v = -v + 15. Suppose -v*d + 32 = -d - 2*n, -4*n = 8. List the prime factors of d.
7
Let p(z) = z**3 - 8*z**2 + 4*z - 14. What are the prime factors of p(8)?
2, 3
Let q = 5 - 4. Let m be 5 - (3 - (1 + q)). List the prime factors of m/1 - (-1 + 1).
2
Suppose 4*h - 8 = 0, 5*a - 11 = -5*h + 9. Suppose -4*l + a = -70. List the prime factors of l.
2, 3
Let z(g) = -g**3 + 4*g**2 - 2*g - 2. Let r be z(4). What are the prime factors of (56/20)/((-4)/r)?
7
Suppose 5*b = 2*b + 69. List the prime factors of b.
23
List the prime factors of 161/6 + 2/12.
3
Suppose 32 = g - h, -6*h - 15 = -3*h. List the prime factors of g.
3
Let h = 40 + -8. Let q = 48 + -42. Suppose -2*n + 2*i = -12, n + 3*i = q*n - h. List the prime factors of n.
7
Let y(p) = 2*p + 2. Let n be y(-4). Let i(l) = 2*l**2 + 4*l + 4. What are the prime factors of i(n)?
2, 13
Suppose -y + 6*y + 77 = 4*n, -n - 4*y = -35. Let i = 41 - n. List the prime factors of i.
2, 3
Let r(k) = -k**3 - 6*k**2 + 6*k - 4. Let t be r(-7). Suppose -b - 46 = -2*x + t*b, -8 = -x + 5*b. What are the prime factors of x?
3, 11
Let c = 7 + -12. What are the prime factors of 132/20 + (-2)/c?
7
Suppose -4*k = -59 - 29. List the prim